{"id":187,"date":"2023-12-04T16:27:31","date_gmt":"2023-12-04T15:27:31","guid":{"rendered":"https:\/\/lolicandle.fr\/?page_id=187"},"modified":"2025-06-15T00:26:59","modified_gmt":"2025-06-14T23:26:59","slug":"coffret","status":"publish","type":"page","link":"https:\/\/lolicandle.fr\/?page_id=187","title":{"rendered":"Coffrets"},"content":{"rendered":"<p>[et_pb_section fb_built=\u00a0\u00bb1&Prime; _builder_version=\u00a0\u00bb4.27.4&Prime; _module_preset=\u00a0\u00bbdefault\u00a0\u00bb background_image=\u00a0\u00bbhttps:\/\/lolicandle.fr\/wp-content\/uploads\/2025\/06\/055958ca-b79f-48b7-a873-e52dfa5fc2e51.jpeg\u00a0\u00bb hover_enabled=\u00a0\u00bb0&Prime; global_colors_info=\u00a0\u00bb{}\u00a0\u00bb title_text=\u00a0\u00bb_055958ca-b79f-48b7-a873-e52dfa5fc2e5%911%93&Prime; sticky_enabled=\u00a0\u00bb0&Prime;][et_pb_row _builder_version=\u00a0\u00bb4.27.2&Prime; _module_preset=\u00a0\u00bbdefault\u00a0\u00bb background_color=\u00a0\u00bb#FFFFFF\u00a0\u00bb border_width_top=\u00a0\u00bb4px\u00a0\u00bb border_color_top=\u00a0\u00bb#E32B73&Prime; border_width_bottom=\u00a0\u00bb4px\u00a0\u00bb border_color_bottom=\u00a0\u00bb#631467&Prime; border_style_bottom=\u00a0\u00bbridge\u00a0\u00bb global_colors_info=\u00a0\u00bb{}\u00a0\u00bb][et_pb_column type=\u00a0\u00bb4_4&Prime; _builder_version=\u00a0\u00bb4.23.1&Prime; _module_preset=\u00a0\u00bbdefault\u00a0\u00bb global_colors_info=\u00a0\u00bb{}\u00a0\u00bb][et_pb_text _builder_version=\u00a0\u00bb4.27.2&Prime; _module_preset=\u00a0\u00bbdefault\u00a0\u00bb text_font=\u00a0\u00bbCarattere||||||||\u00a0\u00bb text_font_size=\u00a0\u00bb38px\u00a0\u00bb text_text_shadow_style=\u00a0\u00bbpreset3&Prime; text_text_shadow_color=\u00a0\u00bb#FFFFFF\u00a0\u00bb global_colors_info=\u00a0\u00bb{}\u00a0\u00bb]<\/p>\n<h1 style=\"padding-left: 40px;\"><\/h1>\n<p style=\"padding-left: 40px;\">Pour offrir ou s&rsquo;offrir, d\u00e9couvrez nos coffrets fondants et bougies, un cadeau unique et original qui fera plaisir, \u00e0 consommer sans mod\u00e9ration!<\/p>\n<p>[\/et_pb_text][\/et_pb_column][\/et_pb_row][et_pb_row _builder_version=\u00a0\u00bb4.27.2&Prime; _module_preset=\u00a0\u00bbdefault\u00a0\u00bb global_colors_info=\u00a0\u00bb{}\u00a0\u00bb][et_pb_column type=\u00a0\u00bb4_4&Prime; _builder_version=\u00a0\u00bb4.27.2&Prime; _module_preset=\u00a0\u00bbdefault\u00a0\u00bb global_colors_info=\u00a0\u00bb{}\u00a0\u00bb][et_pb_text _builder_version=\u00a0\u00bb4.27.2&Prime; _module_preset=\u00a0\u00bbdefault\u00a0\u00bb background_color=\u00a0\u00bb#FFFFFF\u00a0\u00bb border_width_all=\u00a0\u00bb4px\u00a0\u00bb border_color_all=\u00a0\u00bb#E32B73&Prime; border_style_all=\u00a0\u00bbridge\u00a0\u00bb border_width_top=\u00a0\u00bb4px\u00a0\u00bb border_color_top=\u00a0\u00bb#E32B73&Prime; border_width_bottom=\u00a0\u00bb4px\u00a0\u00bb border_color_bottom=\u00a0\u00bb#E32B73&Prime; global_colors_info=\u00a0\u00bb{}\u00a0\u00bb]<\/p>\n<h2 style=\"text-align: center;\">Coffrets fondants<\/h2>\n<p>[\/et_pb_text][\/et_pb_column][\/et_pb_row][et_pb_row column_structure=\u00a0\u00bb1_2,1_2&Prime; _builder_version=\u00a0\u00bb4.23.1&Prime; _module_preset=\u00a0\u00bbdefault\u00a0\u00bb custom_padding=\u00a0\u00bb||99px|||\u00a0\u00bb global_colors_info=\u00a0\u00bb{}\u00a0\u00bb][et_pb_column type=\u00a0\u00bb1_2&Prime; _builder_version=\u00a0\u00bb4.23.1&Prime; _module_preset=\u00a0\u00bbdefault\u00a0\u00bb global_colors_info=\u00a0\u00bb{}\u00a0\u00bb][et_pb_text _builder_version=\u00a0\u00bb4.27.2&Prime; _module_preset=\u00a0\u00bbdefault\u00a0\u00bb background_color=\u00a0\u00bb#FFFFFF\u00a0\u00bb border_width_top=\u00a0\u00bb4px\u00a0\u00bb border_color_top=\u00a0\u00bb#E32B73&Prime; border_width_bottom=\u00a0\u00bb4px\u00a0\u00bb border_color_bottom=\u00a0\u00bb#E32B73&Prime; global_colors_info=\u00a0\u00bb{}\u00a0\u00bb]<\/p>\n<h2 style=\"text-align: center;\">Kit de d\u00e9marrage<\/h2>\n<p>[\/et_pb_text][et_pb_text _builder_version=\u00a0\u00bb4.27.2&Prime; _module_preset=\u00a0\u00bbdefault\u00a0\u00bb text_text_color=\u00a0\u00bb#000000&Prime; background_color=\u00a0\u00bb#FFFFFF\u00a0\u00bb background_layout=\u00a0\u00bbdark\u00a0\u00bb global_colors_info=\u00a0\u00bb{}\u00a0\u00bb]<\/p>\n<p style=\"padding-left: 40px;\">Le kit est compos\u00e9 de:<\/p>\n<ul>\n<li style=\"list-style-type: none;\">\n<ul>\n<li>20 fondants parfum\u00e9es au hasard (hors parfums saisonniers)<\/li>\n<li>2 bougies chauffes plats\u00a0 (offertes)<\/li>\n<li>1 br\u00fble parfum ( offert)<\/li>\n<\/ul>\n<\/li>\n<\/ul>\n<p style=\"padding-left: 40px;\"><span style=\"color: #ff00ff;\">Poids:<\/span> 500g<\/p>\n<p style=\"padding-left: 40px;\"><span style=\"color: #ff00ff;\">Prix:<\/span> 20\u20ac (<a href=\"https:\/\/lolicandle.fr\/?page_id=163\">frais de port<\/a> non inclus)<\/p>\n<p>[\/et_pb_text][\/et_pb_column][et_pb_column type=\u00a0\u00bb1_2&Prime; _builder_version=\u00a0\u00bb4.23.1&Prime; _module_preset=\u00a0\u00bbdefault\u00a0\u00bb global_colors_info=\u00a0\u00bb{}\u00a0\u00bb][et_pb_image src=\u00a0\u00bbhttps:\/\/lolicandle.fr\/wp-content\/uploads\/2023\/12\/coffret-fondants-250-X-210.jpg\u00a0\u00bb title_text=\u00a0\u00bbcoffret fondants 250 X 210&Prime; align=\u00a0\u00bbcenter\u00a0\u00bb _builder_version=\u00a0\u00bb4.27.2&Prime; _module_preset=\u00a0\u00bbdefault\u00a0\u00bb border_width_all=\u00a0\u00bb7px\u00a0\u00bb border_color_all=\u00a0\u00bb#FFFFFF\u00a0\u00bb border_style_all=\u00a0\u00bbridge\u00a0\u00bb global_colors_info=\u00a0\u00bb{}\u00a0\u00bb][\/et_pb_image][\/et_pb_column][\/et_pb_row][et_pb_row column_structure=\u00a0\u00bb1_2,1_2&Prime; _builder_version=\u00a0\u00bb4.27.2&Prime; _module_preset=\u00a0\u00bbdefault\u00a0\u00bb global_colors_info=\u00a0\u00bb{}\u00a0\u00bb][et_pb_column type=\u00a0\u00bb1_2&Prime; _builder_version=\u00a0\u00bb4.27.2&Prime; _module_preset=\u00a0\u00bbdefault\u00a0\u00bb global_colors_info=\u00a0\u00bb{}\u00a0\u00bb][et_pb_text _builder_version=\u00a0\u00bb4.27.2&Prime; _module_preset=\u00a0\u00bbdefault\u00a0\u00bb background_color=\u00a0\u00bb#FFFFFF\u00a0\u00bb border_width_top=\u00a0\u00bb4px\u00a0\u00bb border_color_top=\u00a0\u00bb#E32B73&Prime; border_width_bottom=\u00a0\u00bb4px\u00a0\u00bb border_color_bottom=\u00a0\u00bb#E32B73&Prime; global_colors_info=\u00a0\u00bb{}\u00a0\u00bb]<\/p>\n<h2 style=\"text-align: center;\">Quatre saisons<\/h2>\n<p>[\/et_pb_text][et_pb_text _builder_version=\u00a0\u00bb4.27.4&Prime; _module_preset=\u00a0\u00bbdefault\u00a0\u00bb background_color=\u00a0\u00bb#FFFFFF\u00a0\u00bb global_colors_info=\u00a0\u00bb{}\u00a0\u00bb]<\/p>\n<p style=\"padding-left: 80px;\">le coffret est compos\u00e9 des <a href=\"https:\/\/lolicandle.fr\/?page_id=202\">parfums saisonniers<\/a> (16 fondants):<\/p>\n<p style=\"padding-left: 40px;\">_\u00a0 parfums saisonniers hiver: <span>Souvenir de No\u00ebl Pop corn Cannelle Sucre d&rsquo;orge,\u00a0<\/span><\/p>\n<p style=\"padding-left: 40px;\">_\u00a0 parfums saisonniers printemps: Rose \u00e9ternelle, chocolat gourmand, menthe poivr\u00e9, pinky girl,<\/p>\n<p style=\"padding-left: 40px;\">_\u00a0 parfums saisonniers \u00e9t\u00e9: Citronnelle g\u00e9ranium, Fleur de tiar\u00e9, Melon, Madeleine,<\/p>\n<p style=\"padding-left: 40px;\">_\u00a0 parfums saisonniers automne: Citrouille \u00e9pic\u00e9e, Guimauve, Sp\u00e9culoos, Dia de los Muertos<\/p>\n<p style=\"padding-left: 80px;\"><span style=\"color: #ff00ff;\">Poids:<\/span> 170g<\/p>\n<p style=\"padding-left: 80px;\"><span style=\"color: #ff00ff;\">Prix:<\/span> 16\u20ac <span>\u00a0(<\/span><a href=\"https:\/\/lolicandle.fr\/?page_id=163\">frais de port<\/a><span>\u00a0non inclus)<\/span><\/p>\n<p>[\/et_pb_text][\/et_pb_column][et_pb_column type=\u00a0\u00bb1_2&Prime; _builder_version=\u00a0\u00bb4.27.2&Prime; _module_preset=\u00a0\u00bbdefault\u00a0\u00bb global_colors_info=\u00a0\u00bb{}\u00a0\u00bb][et_pb_image src=\u00a0\u00bbhttps:\/\/lolicandle.fr\/wp-content\/uploads\/2025\/01\/COFFRETS-4-SAISONS-187X250.jpg\u00a0\u00bb title_text=\u00a0\u00bbCOFFRETS 4 SAISONS 187X250&Prime; align=\u00a0\u00bbcenter\u00a0\u00bb _builder_version=\u00a0\u00bb4.27.4&Prime; _module_preset=\u00a0\u00bbdefault\u00a0\u00bb border_width_all=\u00a0\u00bb7px\u00a0\u00bb border_color_all=\u00a0\u00bb#FFFFFF\u00a0\u00bb border_style_all=\u00a0\u00bbridge\u00a0\u00bb global_colors_info=\u00a0\u00bb{}\u00a0\u00bb][\/et_pb_image][\/et_pb_column][\/et_pb_row][et_pb_row _builder_version=\u00a0\u00bb4.27.2&Prime; _module_preset=\u00a0\u00bbdefault\u00a0\u00bb global_colors_info=\u00a0\u00bb{}\u00a0\u00bb][et_pb_column type=\u00a0\u00bb4_4&Prime; _builder_version=\u00a0\u00bb4.27.2&Prime; _module_preset=\u00a0\u00bbdefault\u00a0\u00bb global_colors_info=\u00a0\u00bb{}\u00a0\u00bb][et_pb_text _builder_version=\u00a0\u00bb4.27.2&Prime; _module_preset=\u00a0\u00bbdefault\u00a0\u00bb background_color=\u00a0\u00bb#FFFFFF\u00a0\u00bb border_width_all=\u00a0\u00bb4px\u00a0\u00bb border_color_all=\u00a0\u00bb#E32B73&Prime; border_style_all=\u00a0\u00bbridge\u00a0\u00bb global_colors_info=\u00a0\u00bb{}\u00a0\u00bb]<\/p>\n<h2 style=\"text-align: center;\">Coffrets bougies<\/h2>\n<p>[\/et_pb_text][\/et_pb_column][\/et_pb_row][et_pb_row column_structure=\u00a0\u00bb1_2,1_2&Prime; _builder_version=\u00a0\u00bb4.27.2&Prime; _module_preset=\u00a0\u00bbdefault\u00a0\u00bb global_colors_info=\u00a0\u00bb{}\u00a0\u00bb][et_pb_column type=\u00a0\u00bb1_2&Prime; _builder_version=\u00a0\u00bb4.27.2&Prime; _module_preset=\u00a0\u00bbdefault\u00a0\u00bb global_colors_info=\u00a0\u00bb{}\u00a0\u00bb][et_pb_text _builder_version=\u00a0\u00bb4.27.2&Prime; _module_preset=\u00a0\u00bbdefault\u00a0\u00bb background_color=\u00a0\u00bb#FFFFFF\u00a0\u00bb border_width_top=\u00a0\u00bb4px\u00a0\u00bb border_color_top=\u00a0\u00bb#E32B73&Prime; border_width_bottom=\u00a0\u00bb4px\u00a0\u00bb border_color_bottom=\u00a0\u00bb#E32B73&Prime; global_colors_info=\u00a0\u00bb{}\u00a0\u00bb]<\/p>\n<h2 style=\"text-align: center;\">Coffret bougie personnaliser<\/h2>\n<p>[\/et_pb_text][et_pb_text _builder_version=\u00a0\u00bb4.27.2&Prime; _module_preset=\u00a0\u00bbdefault\u00a0\u00bb text_text_color=\u00a0\u00bb#000000&Prime; background_color=\u00a0\u00bb#FFFFFF\u00a0\u00bb text_text_shadow_style=\u00a0\u00bbpreset3&Prime; text_text_shadow_color=\u00a0\u00bb#FFFFFF\u00a0\u00bb global_colors_info=\u00a0\u00bb{}\u00a0\u00bb]<\/p>\n<p style=\"text-align: left; padding-left: 40px;\">Personnalis\u00e9 votre coffret Bougie en choisissent vos parfums pr\u00e9f\u00e9rer (2 maximum), pour connaitre les parfums disponibles veuilliez nous <a href=\"https:\/\/lolicandle.fr\/?page_id=126\">contacter<\/a>.<\/p>\n<p style=\"padding-left: 40px;\">ici par exemple:<\/p>\n<ul>\n<li style=\"list-style-type: none;\">\n<ul>\n<li>\n<p>1 bougie Vanille<\/p>\n<\/li>\n<li>\n<p>1 bougie M\u00fbre myrtille<\/p>\n<\/li>\n<\/ul>\n<\/li>\n<\/ul>\n<p style=\"padding-left: 40px;\">Prix: 20\u20ac (<a href=\"https:\/\/lolicandle.fr\/?page_id=163\">frais de port<\/a> non inclus)<\/p>\n<p>[\/et_pb_text][\/et_pb_column][et_pb_column type=\u00a0\u00bb1_2&Prime; _builder_version=\u00a0\u00bb4.27.2&Prime; _module_preset=\u00a0\u00bbdefault\u00a0\u00bb global_colors_info=\u00a0\u00bb{}\u00a0\u00bb][et_pb_image src=\u00a0\u00bbhttps:\/\/lolicandle.fr\/wp-content\/uploads\/2023\/12\/COFFRET-BOUGIE-250X193.jpg\u00a0\u00bb title_text=\u00a0\u00bbCOFFRET BOUGIE 250X193&Prime; align=\u00a0\u00bbcenter\u00a0\u00bb _builder_version=\u00a0\u00bb4.27.2&Prime; _module_preset=\u00a0\u00bbdefault\u00a0\u00bb border_width_all=\u00a0\u00bb7px\u00a0\u00bb border_color_all=\u00a0\u00bb#FFFFFF\u00a0\u00bb border_style_all=\u00a0\u00bbridge\u00a0\u00bb global_colors_info=\u00a0\u00bb{}\u00a0\u00bb][\/et_pb_image][\/et_pb_column][\/et_pb_row][et_pb_row _builder_version=\u00a0\u00bb4.27.2&Prime; _module_preset=\u00a0\u00bbdefault\u00a0\u00bb global_colors_info=\u00a0\u00bb{}\u00a0\u00bb][et_pb_column type=\u00a0\u00bb4_4&Prime; _builder_version=\u00a0\u00bb4.27.2&Prime; _module_preset=\u00a0\u00bbdefault\u00a0\u00bb global_colors_info=\u00a0\u00bb{}\u00a0\u00bb][et_pb_button button_url=\u00a0\u00bbhttps:\/\/lolicandle.fr\/?page_id=256&Prime; button_text=\u00a0\u00bbCommander\u00a0\u00bb button_alignment=\u00a0\u00bbcenter\u00a0\u00bb _builder_version=\u00a0\u00bb4.27.2&Prime; _module_preset=\u00a0\u00bbdefault\u00a0\u00bb custom_button=\u00a0\u00bbon\u00a0\u00bb button_text_color=\u00a0\u00bb#FFFFFF\u00a0\u00bb button_bg_color=\u00a0\u00bb#631467&Prime; global_colors_info=\u00a0\u00bb{}\u00a0\u00bb][\/et_pb_button][\/et_pb_column][\/et_pb_row][\/et_pb_section]<\/p>\n","protected":false},"excerpt":{"rendered":"<p>Pour offrir ou s&rsquo;offrir, d\u00e9couvrez nos coffrets fondants et bougies, un cadeau unique et original qui fera plaisir, \u00e0 consommer sans mod\u00e9ration!Coffrets fondantsKit de d\u00e9marrageLe kit est compos\u00e9 de: 20 fondants parfum\u00e9es au hasard (hors parfums saisonniers) 2 bougies chauffes plats\u00a0 (offertes) 1 br\u00fble parfum ( offert) Poids: 500g Prix: 20\u20ac (frais de port non [&hellip;]<\/p>\n","protected":false},"author":1,"featured_media":0,"parent":0,"menu_order":0,"comment_status":"closed","ping_status":"closed","template":"","meta":{"_et_pb_use_builder":"on","_et_pb_old_content":"","_et_gb_content_width":"","footnotes":""},"class_list":["post-187","page","type-page","status-publish","hentry"],"yoast_head":"<!-- This site is optimized with the Yoast SEO plugin v27.5 - https:\/\/yoast.com\/product\/yoast-seo-wordpress\/ -->\n<title>Coffrets - Lolicandle<\/title>\n<meta name=\"robots\" content=\"index, follow, max-snippet:-1, max-image-preview:large, max-video-preview:-1\" \/>\n<link rel=\"canonical\" href=\"https:\/\/lolicandle.fr\/?page_id=187\" \/>\n<meta property=\"og:locale\" content=\"fr_FR\" \/>\n<meta property=\"og:type\" content=\"article\" \/>\n<meta property=\"og:title\" content=\"Coffrets - Lolicandle\" \/>\n<meta property=\"og:description\" content=\"Pour offrir ou s&#039;offrir, d\u00e9couvrez nos coffrets fondants et bougies, un cadeau unique et original qui fera plaisir, \u00e0 consommer sans mod\u00e9ration!Coffrets fondantsKit de d\u00e9marrageLe kit est compos\u00e9 de: 20 fondants parfum\u00e9es au hasard (hors parfums saisonniers) 2 bougies chauffes plats\u00a0 (offertes) 1 br\u00fble parfum ( offert) Poids: 500g Prix: 20\u20ac (frais de port non [&hellip;]\" \/>\n<meta property=\"og:url\" content=\"https:\/\/lolicandle.fr\/?page_id=187\" \/>\n<meta property=\"og:site_name\" content=\"Lolicandle\" \/>\n<meta property=\"article:modified_time\" content=\"2025-06-14T23:26:59+00:00\" \/>\n<meta name=\"twitter:card\" content=\"summary_large_image\" \/>\n<meta name=\"twitter:label1\" content=\"Dur\u00e9e de lecture estim\u00e9e\" \/>\n\t<meta name=\"twitter:data1\" content=\"1 minute\" \/>\n<script type=\"application\/ld+json\" class=\"yoast-schema-graph\">{\"@context\":\"https:\\\/\\\/schema.org\",\"@graph\":[{\"@type\":\"WebPage\",\"@id\":\"https:\\\/\\\/lolicandle.fr\\\/?page_id=187\",\"url\":\"https:\\\/\\\/lolicandle.fr\\\/?page_id=187\",\"name\":\"Coffrets - Lolicandle\",\"isPartOf\":{\"@id\":\"https:\\\/\\\/lolicandle.fr\\\/#website\"},\"datePublished\":\"2023-12-04T15:27:31+00:00\",\"dateModified\":\"2025-06-14T23:26:59+00:00\",\"breadcrumb\":{\"@id\":\"https:\\\/\\\/lolicandle.fr\\\/?page_id=187#breadcrumb\"},\"inLanguage\":\"fr-FR\",\"potentialAction\":[{\"@type\":\"ReadAction\",\"target\":[\"https:\\\/\\\/lolicandle.fr\\\/?page_id=187\"]}]},{\"@type\":\"BreadcrumbList\",\"@id\":\"https:\\\/\\\/lolicandle.fr\\\/?page_id=187#breadcrumb\",\"itemListElement\":[{\"@type\":\"ListItem\",\"position\":1,\"name\":\"Accueil\",\"item\":\"https:\\\/\\\/lolicandle.fr\\\/\"},{\"@type\":\"ListItem\",\"position\":2,\"name\":\"Coffrets\"}]},{\"@type\":\"WebSite\",\"@id\":\"https:\\\/\\\/lolicandle.fr\\\/#website\",\"url\":\"https:\\\/\\\/lolicandle.fr\\\/\",\"name\":\"Lolicandle\",\"description\":\"Bougies et fondants de fabrication artisanale\",\"potentialAction\":[{\"@type\":\"SearchAction\",\"target\":{\"@type\":\"EntryPoint\",\"urlTemplate\":\"https:\\\/\\\/lolicandle.fr\\\/?s={search_term_string}\"},\"query-input\":{\"@type\":\"PropertyValueSpecification\",\"valueRequired\":true,\"valueName\":\"search_term_string\"}}],\"inLanguage\":\"fr-FR\"}]}<\/script>\n<!-- \/ Yoast SEO plugin. -->","yoast_head_json":{"title":"Coffrets - Lolicandle","robots":{"index":"index","follow":"follow","max-snippet":"max-snippet:-1","max-image-preview":"max-image-preview:large","max-video-preview":"max-video-preview:-1"},"canonical":"https:\/\/lolicandle.fr\/?page_id=187","og_locale":"fr_FR","og_type":"article","og_title":"Coffrets - Lolicandle","og_description":"Pour offrir ou s'offrir, d\u00e9couvrez nos coffrets fondants et bougies, un cadeau unique et original qui fera plaisir, \u00e0 consommer sans mod\u00e9ration!Coffrets fondantsKit de d\u00e9marrageLe kit est compos\u00e9 de: 20 fondants parfum\u00e9es au hasard (hors parfums saisonniers) 2 bougies chauffes plats\u00a0 (offertes) 1 br\u00fble parfum ( offert) Poids: 500g Prix: 20\u20ac (frais de port non [&hellip;]","og_url":"https:\/\/lolicandle.fr\/?page_id=187","og_site_name":"Lolicandle","article_modified_time":"2025-06-14T23:26:59+00:00","twitter_card":"summary_large_image","twitter_misc":{"Dur\u00e9e de lecture estim\u00e9e":"1 minute"},"schema":{"@context":"https:\/\/schema.org","@graph":[{"@type":"WebPage","@id":"https:\/\/lolicandle.fr\/?page_id=187","url":"https:\/\/lolicandle.fr\/?page_id=187","name":"Coffrets - Lolicandle","isPartOf":{"@id":"https:\/\/lolicandle.fr\/#website"},"datePublished":"2023-12-04T15:27:31+00:00","dateModified":"2025-06-14T23:26:59+00:00","breadcrumb":{"@id":"https:\/\/lolicandle.fr\/?page_id=187#breadcrumb"},"inLanguage":"fr-FR","potentialAction":[{"@type":"ReadAction","target":["https:\/\/lolicandle.fr\/?page_id=187"]}]},{"@type":"BreadcrumbList","@id":"https:\/\/lolicandle.fr\/?page_id=187#breadcrumb","itemListElement":[{"@type":"ListItem","position":1,"name":"Accueil","item":"https:\/\/lolicandle.fr\/"},{"@type":"ListItem","position":2,"name":"Coffrets"}]},{"@type":"WebSite","@id":"https:\/\/lolicandle.fr\/#website","url":"https:\/\/lolicandle.fr\/","name":"Lolicandle","description":"Bougies et fondants de fabrication artisanale","potentialAction":[{"@type":"SearchAction","target":{"@type":"EntryPoint","urlTemplate":"https:\/\/lolicandle.fr\/?s={search_term_string}"},"query-input":{"@type":"PropertyValueSpecification","valueRequired":true,"valueName":"search_term_string"}}],"inLanguage":"fr-FR"}]}},"_links":{"self":[{"href":"https:\/\/lolicandle.fr\/index.php?rest_route=\/wp\/v2\/pages\/187","targetHints":{"allow":["GET"]}}],"collection":[{"href":"https:\/\/lolicandle.fr\/index.php?rest_route=\/wp\/v2\/pages"}],"about":[{"href":"https:\/\/lolicandle.fr\/index.php?rest_route=\/wp\/v2\/types\/page"}],"author":[{"embeddable":true,"href":"https:\/\/lolicandle.fr\/index.php?rest_route=\/wp\/v2\/users\/1"}],"replies":[{"embeddable":true,"href":"https:\/\/lolicandle.fr\/index.php?rest_route=%2Fwp%2Fv2%2Fcomments&post=187"}],"version-history":[{"count":23,"href":"https:\/\/lolicandle.fr\/index.php?rest_route=\/wp\/v2\/pages\/187\/revisions"}],"predecessor-version":[{"id":944,"href":"https:\/\/lolicandle.fr\/index.php?rest_route=\/wp\/v2\/pages\/187\/revisions\/944"}],"wp:attachment":[{"href":"https:\/\/lolicandle.fr\/index.php?rest_route=%2Fwp%2Fv2%2Fmedia&parent=187"}],"curies":[{"name":"wp","href":"https:\/\/api.w.org\/{rel}","templated":true}]}}